{"id":27,"date":"2016-04-18T06:17:04","date_gmt":"2016-04-18T04:17:04","guid":{"rendered":"http:\/\/test23.verikal.de\/wordpress\/en\/?page_id=27"},"modified":"2016-08-22T10:25:15","modified_gmt":"2016-08-22T08:25:15","slug":"elektro","status":"publish","type":"page","link":"https:\/\/www.verikal.de\/en\/leistungen\/elektro\/","title":{"rendered":"Electrical Testing"},"content":{"rendered":"<h2>Elektropr\u00fcfungen<\/h2>\n<p>Zur Komplettierung unseres Vor-Ort-Services bieten wir ihnen erg\u00e4nzend verschiedene Elektro-Pr\u00fcfleistungen:<\/p>\n<ul>\n<li>Pr\u00fcfung ortsver\u00e4nderlicher elektrischer Betriebsmittel gem\u00e4\u00df DGUV V3 (BGV A3) nach DIN VDE 0701-0702<\/li>\n<li>Pr\u00fcfung ortsfester elektrischer Betriebsmittel gem\u00e4\u00df DGUV V3 (BGV A3) nach DIN VDE 0701-0702<\/li>\n<li>Pr\u00fcfung medizinisch elektrischer Gera\u0308te nach DIN VDE 0751<\/li>\n<li>Pr\u00fcfung von Niederspannungsanlagen gem\u00e4\u00df DIN VDE 100-600 und DIN VDE 105-100<\/li>\n<\/ul>\n<p>&nbsp;<\/p>\n","protected":false},"excerpt":{"rendered":"<p>Elektropr\u00fcfungen Zur Komplettierung unseres Vor-Ort-Services bieten wir ihnen erg\u00e4nzend verschiedene Elektro-Pr\u00fcfleistungen: Pr\u00fcfung ortsver\u00e4nderlicher elektrischer Betriebsmittel gem\u00e4\u00df DGUV V3 (BGV A3) nach DIN VDE 0701-0702 Pr\u00fcfung ortsfester elektrischer Betriebsmittel gem\u00e4\u00df DGUV [&hellip;]<\/p>\n","protected":false},"author":1,"featured_media":213,"parent":21,"menu_order":0,"comment_status":"closed","ping_status":"closed","template":"templates\/leistungen.php","meta":{"_acf_changed":false,"footnotes":""},"categories":[],"class_list":["post-27","page","type-page","status-publish","has-post-thumbnail","hentry"],"acf":[],"yoast_head":"<!-- This site is optimized with the Yoast SEO plugin v27.1.1 - https:\/\/yoast.com\/product\/yoast-seo-wordpress\/ -->\n<title>Electrical Testing - Verikal GmbH - EN<\/title>\n<meta name=\"robots\" content=\"index, follow, max-snippet:-1, max-image-preview:large, max-video-preview:-1\" \/>\n<link rel=\"canonical\" href=\"https:\/\/www.verikal.de\/en\/leistungen\/elektro\/\" \/>\n<meta property=\"og:locale\" content=\"en_GB\" \/>\n<meta property=\"og:type\" content=\"article\" \/>\n<meta property=\"og:title\" content=\"Electrical Testing - Verikal GmbH - EN\" \/>\n<meta property=\"og:description\" content=\"Elektropr\u00fcfungen Zur Komplettierung unseres Vor-Ort-Services bieten wir ihnen erg\u00e4nzend verschiedene Elektro-Pr\u00fcfleistungen: Pr\u00fcfung ortsver\u00e4nderlicher elektrischer Betriebsmittel gem\u00e4\u00df DGUV V3 (BGV A3) nach DIN VDE 0701-0702 Pr\u00fcfung ortsfester elektrischer Betriebsmittel gem\u00e4\u00df DGUV [&hellip;]\" \/>\n<meta property=\"og:url\" content=\"https:\/\/www.verikal.de\/en\/leistungen\/elektro\/\" \/>\n<meta property=\"og:site_name\" content=\"Verikal GmbH - EN\" \/>\n<meta property=\"article:modified_time\" content=\"2016-08-22T08:25:15+00:00\" \/>\n<meta property=\"og:image\" content=\"https:\/\/www.verikal.de\/wordpress\/en\/wp-content\/uploads\/sites\/3\/2016\/04\/fotolia_48975789-e1471598607966.jpg\" \/>\n\t<meta property=\"og:image:width\" content=\"400\" \/>\n\t<meta property=\"og:image:height\" content=\"300\" \/>\n\t<meta property=\"og:image:type\" content=\"image\/jpeg\" \/>\n<meta name=\"twitter:card\" content=\"summary_large_image\" \/>\n<script type=\"application\/ld+json\" class=\"yoast-schema-graph\">{\"@context\":\"https:\/\/schema.org\",\"@graph\":[{\"@type\":\"WebPage\",\"@id\":\"https:\/\/www.verikal.de\/en\/leistungen\/elektro\/\",\"url\":\"https:\/\/www.verikal.de\/en\/leistungen\/elektro\/\",\"name\":\"Electrical Testing - Verikal GmbH - EN\",\"isPartOf\":{\"@id\":\"https:\/\/www.verikal.de\/en\/#website\"},\"primaryImageOfPage\":{\"@id\":\"https:\/\/www.verikal.de\/en\/leistungen\/elektro\/#primaryimage\"},\"image\":{\"@id\":\"https:\/\/www.verikal.de\/en\/leistungen\/elektro\/#primaryimage\"},\"thumbnailUrl\":\"https:\/\/www.verikal.de\/wordpress\/en\/wp-content\/uploads\/sites\/3\/2016\/04\/fotolia_48975789-e1471598607966.jpg\",\"datePublished\":\"2016-04-18T04:17:04+00:00\",\"dateModified\":\"2016-08-22T08:25:15+00:00\",\"breadcrumb\":{\"@id\":\"https:\/\/www.verikal.de\/en\/leistungen\/elektro\/#breadcrumb\"},\"inLanguage\":\"en-GB\",\"potentialAction\":[{\"@type\":\"ReadAction\",\"target\":[\"https:\/\/www.verikal.de\/en\/leistungen\/elektro\/\"]}]},{\"@type\":\"ImageObject\",\"inLanguage\":\"en-GB\",\"@id\":\"https:\/\/www.verikal.de\/en\/leistungen\/elektro\/#primaryimage\",\"url\":\"https:\/\/www.verikal.de\/wordpress\/en\/wp-content\/uploads\/sites\/3\/2016\/04\/fotolia_48975789-e1471598607966.jpg\",\"contentUrl\":\"https:\/\/www.verikal.de\/wordpress\/en\/wp-content\/uploads\/sites\/3\/2016\/04\/fotolia_48975789-e1471598607966.jpg\",\"width\":400,\"height\":300},{\"@type\":\"BreadcrumbList\",\"@id\":\"https:\/\/www.verikal.de\/en\/leistungen\/elektro\/#breadcrumb\",\"itemListElement\":[{\"@type\":\"ListItem\",\"position\":1,\"name\":\"Startseite\",\"item\":\"https:\/\/www.verikal.de\/en\/\"},{\"@type\":\"ListItem\",\"position\":2,\"name\":\"Services\",\"item\":\"https:\/\/www.verikal.de\/en\/leistungen\/\"},{\"@type\":\"ListItem\",\"position\":3,\"name\":\"Electrical Testing\"}]},{\"@type\":\"WebSite\",\"@id\":\"https:\/\/www.verikal.de\/en\/#website\",\"url\":\"https:\/\/www.verikal.de\/en\/\",\"name\":\"Verikal GmbH - EN\",\"description\":\"Kalibrierdienstleistungen aus einer Hand\",\"potentialAction\":[{\"@type\":\"SearchAction\",\"target\":{\"@type\":\"EntryPoint\",\"urlTemplate\":\"https:\/\/www.verikal.de\/en\/?s={search_term_string}\"},\"query-input\":{\"@type\":\"PropertyValueSpecification\",\"valueRequired\":true,\"valueName\":\"search_term_string\"}}],\"inLanguage\":\"en-GB\"}]}<\/script>\n<!-- \/ Yoast SEO plugin. -->","yoast_head_json":{"title":"Electrical Testing - Verikal GmbH - EN","robots":{"index":"index","follow":"follow","max-snippet":"max-snippet:-1","max-image-preview":"max-image-preview:large","max-video-preview":"max-video-preview:-1"},"canonical":"https:\/\/www.verikal.de\/en\/leistungen\/elektro\/","og_locale":"en_GB","og_type":"article","og_title":"Electrical Testing - Verikal GmbH - EN","og_description":"Elektropr\u00fcfungen Zur Komplettierung unseres Vor-Ort-Services bieten wir ihnen erg\u00e4nzend verschiedene Elektro-Pr\u00fcfleistungen: Pr\u00fcfung ortsver\u00e4nderlicher elektrischer Betriebsmittel gem\u00e4\u00df DGUV V3 (BGV A3) nach DIN VDE 0701-0702 Pr\u00fcfung ortsfester elektrischer Betriebsmittel gem\u00e4\u00df DGUV [&hellip;]","og_url":"https:\/\/www.verikal.de\/en\/leistungen\/elektro\/","og_site_name":"Verikal GmbH - EN","article_modified_time":"2016-08-22T08:25:15+00:00","og_image":[{"width":400,"height":300,"url":"https:\/\/www.verikal.de\/wordpress\/en\/wp-content\/uploads\/sites\/3\/2016\/04\/fotolia_48975789-e1471598607966.jpg","type":"image\/jpeg"}],"twitter_card":"summary_large_image","schema":{"@context":"https:\/\/schema.org","@graph":[{"@type":"WebPage","@id":"https:\/\/www.verikal.de\/en\/leistungen\/elektro\/","url":"https:\/\/www.verikal.de\/en\/leistungen\/elektro\/","name":"Electrical Testing - Verikal GmbH - EN","isPartOf":{"@id":"https:\/\/www.verikal.de\/en\/#website"},"primaryImageOfPage":{"@id":"https:\/\/www.verikal.de\/en\/leistungen\/elektro\/#primaryimage"},"image":{"@id":"https:\/\/www.verikal.de\/en\/leistungen\/elektro\/#primaryimage"},"thumbnailUrl":"https:\/\/www.verikal.de\/wordpress\/en\/wp-content\/uploads\/sites\/3\/2016\/04\/fotolia_48975789-e1471598607966.jpg","datePublished":"2016-04-18T04:17:04+00:00","dateModified":"2016-08-22T08:25:15+00:00","breadcrumb":{"@id":"https:\/\/www.verikal.de\/en\/leistungen\/elektro\/#breadcrumb"},"inLanguage":"en-GB","potentialAction":[{"@type":"ReadAction","target":["https:\/\/www.verikal.de\/en\/leistungen\/elektro\/"]}]},{"@type":"ImageObject","inLanguage":"en-GB","@id":"https:\/\/www.verikal.de\/en\/leistungen\/elektro\/#primaryimage","url":"https:\/\/www.verikal.de\/wordpress\/en\/wp-content\/uploads\/sites\/3\/2016\/04\/fotolia_48975789-e1471598607966.jpg","contentUrl":"https:\/\/www.verikal.de\/wordpress\/en\/wp-content\/uploads\/sites\/3\/2016\/04\/fotolia_48975789-e1471598607966.jpg","width":400,"height":300},{"@type":"BreadcrumbList","@id":"https:\/\/www.verikal.de\/en\/leistungen\/elektro\/#breadcrumb","itemListElement":[{"@type":"ListItem","position":1,"name":"Startseite","item":"https:\/\/www.verikal.de\/en\/"},{"@type":"ListItem","position":2,"name":"Services","item":"https:\/\/www.verikal.de\/en\/leistungen\/"},{"@type":"ListItem","position":3,"name":"Electrical Testing"}]},{"@type":"WebSite","@id":"https:\/\/www.verikal.de\/en\/#website","url":"https:\/\/www.verikal.de\/en\/","name":"Verikal GmbH - EN","description":"Kalibrierdienstleistungen aus einer Hand","potentialAction":[{"@type":"SearchAction","target":{"@type":"EntryPoint","urlTemplate":"https:\/\/www.verikal.de\/en\/?s={search_term_string}"},"query-input":{"@type":"PropertyValueSpecification","valueRequired":true,"valueName":"search_term_string"}}],"inLanguage":"en-GB"}]}},"_links":{"self":[{"href":"https:\/\/www.verikal.de\/en\/wp-json\/wp\/v2\/pages\/27","targetHints":{"allow":["GET"]}}],"collection":[{"href":"https:\/\/www.verikal.de\/en\/wp-json\/wp\/v2\/pages"}],"about":[{"href":"https:\/\/www.verikal.de\/en\/wp-json\/wp\/v2\/types\/page"}],"author":[{"embeddable":true,"href":"https:\/\/www.verikal.de\/en\/wp-json\/wp\/v2\/users\/1"}],"replies":[{"embeddable":true,"href":"https:\/\/www.verikal.de\/en\/wp-json\/wp\/v2\/comments?post=27"}],"version-history":[{"count":7,"href":"https:\/\/www.verikal.de\/en\/wp-json\/wp\/v2\/pages\/27\/revisions"}],"predecessor-version":[{"id":231,"href":"https:\/\/www.verikal.de\/en\/wp-json\/wp\/v2\/pages\/27\/revisions\/231"}],"up":[{"embeddable":true,"href":"https:\/\/www.verikal.de\/en\/wp-json\/wp\/v2\/pages\/21"}],"wp:featuredmedia":[{"embeddable":true,"href":"https:\/\/www.verikal.de\/en\/wp-json\/wp\/v2\/media\/213"}],"wp:attachment":[{"href":"https:\/\/www.verikal.de\/en\/wp-json\/wp\/v2\/media?parent=27"}],"wp:term":[{"taxonomy":"category","embeddable":true,"href":"https:\/\/www.verikal.de\/en\/wp-json\/wp\/v2\/categories?post=27"}],"curies":[{"name":"wp","href":"https:\/\/api.w.org\/{rel}","templated":true}]}}

<h2>Elektroprüfungen</h2>
<p>Zur Komplettierung unseres Vor-Ort-Services bieten wir ihnen ergänzend verschiedene Elektro-Prüfleistungen:</p>
<ul>
<li>Prüfung ortsveränderlicher elektrischer Betriebsmittel gemäß DGUV V3 (BGV A3) nach DIN VDE 0701-0702</li>
<li>Prüfung ortsfester elektrischer Betriebsmittel gemäß DGUV V3 (BGV A3) nach DIN VDE 0701-0702</li>
<li>Prüfung medizinisch elektrischer Geräte nach DIN VDE 0751</li>
<li>Prüfung von Niederspannungsanlagen gemäß DIN VDE 100-600 und DIN VDE 105-100</li>
</ul>
<p>&nbsp;</p>

<p>Elektroprüfungen Zur Komplettierung unseres Vor-Ort-Services bieten wir ihnen ergänzend verschiedene Elektro-Prüfleistungen: Prüfung ortsveränderlicher elektrischer Betriebsmittel gemäß DGUV V3 (BGV A3) nach DIN VDE 0701-0702 Prüfung ortsfester elektrischer Betriebsmittel gemäß DGUV [&hellip;]</p>

<!-- This site is optimized with the Yoast SEO plugin v27.1.1 - https://yoast.com/product/yoast-seo-wordpress/ -->
<title>Electrical Testing - Verikal GmbH - EN</title>
<meta name="robots" content="index, follow, max-snippet:-1, max-image-preview:large, max-video-preview:-1" />
<link rel="canonical" href="https://www.verikal.de/en/leistungen/elektro/" />
<meta property="og:locale" content="en_GB" />
<meta property="og:type" content="article" />
<meta property="og:title" content="Electrical Testing - Verikal GmbH - EN" />
<meta property="og:description" content="Elektroprüfungen Zur Komplettierung unseres Vor-Ort-Services bieten wir ihnen ergänzend verschiedene Elektro-Prüfleistungen: Prüfung ortsveränderlicher elektrischer Betriebsmittel gemäß DGUV V3 (BGV A3) nach DIN VDE 0701-0702 Prüfung ortsfester elektrischer Betriebsmittel gemäß DGUV [&hellip;]" />
<meta property="og:url" content="https://www.verikal.de/en/leistungen/elektro/" />
<meta property="og:site_name" content="Verikal GmbH - EN" />
<meta property="article:modified_time" content="2016-08-22T08:25:15+00:00" />
<meta property="og:image" content="https://www.verikal.de/wordpress/en/wp-content/uploads/sites/3/2016/04/fotolia_48975789-e1471598607966.jpg" />
	<meta property="og:image:width" content="400" />
	<meta property="og:image:height" content="300" />
	<meta property="og:image:type" content="image/jpeg" />
<meta name="twitter:card" content="summary_large_image" />
<script type="application/ld+json" class="yoast-schema-graph">{"@context":"https://schema.org","@graph":[{"@type":"WebPage","@id":"https://www.verikal.de/en/leistungen/elektro/","url":"https://www.verikal.de/en/leistungen/elektro/","name":"Electrical Testing - Verikal GmbH - EN","isPartOf":{"@id":"https://www.verikal.de/en/#website"},"primaryImageOfPage":{"@id":"https://www.verikal.de/en/leistungen/elektro/#primaryimage"},"image":{"@id":"https://www.verikal.de/en/leistungen/elektro/#primaryimage"},"thumbnailUrl":"https://www.verikal.de/wordpress/en/wp-content/uploads/sites/3/2016/04/fotolia_48975789-e1471598607966.jpg","datePublished":"2016-04-18T04:17:04+00:00","dateModified":"2016-08-22T08:25:15+00:00","breadcrumb":{"@id":"https://www.verikal.de/en/leistungen/elektro/#breadcrumb"},"inLanguage":"en-GB","potentialAction":[{"@type":"ReadAction","target":["https://www.verikal.de/en/leistungen/elektro/"]}]},{"@type":"ImageObject","inLanguage":"en-GB","@id":"https://www.verikal.de/en/leistungen/elektro/#primaryimage","url":"https://www.verikal.de/wordpress/en/wp-content/uploads/sites/3/2016/04/fotolia_48975789-e1471598607966.jpg","contentUrl":"https://www.verikal.de/wordpress/en/wp-content/uploads/sites/3/2016/04/fotolia_48975789-e1471598607966.jpg","width":400,"height":300},{"@type":"BreadcrumbList","@id":"https://www.verikal.de/en/leistungen/elektro/#breadcrumb","itemListElement":[{"@type":"ListItem","position":1,"name":"Startseite","item":"https://www.verikal.de/en/"},{"@type":"ListItem","position":2,"name":"Services","item":"https://www.verikal.de/en/leistungen/"},{"@type":"ListItem","position":3,"name":"Electrical Testing"}]},{"@type":"WebSite","@id":"https://www.verikal.de/en/#website","url":"https://www.verikal.de/en/","name":"Verikal GmbH - EN","description":"Kalibrierdienstleistungen aus einer Hand","potentialAction":[{"@type":"SearchAction","target":{"@type":"EntryPoint","urlTemplate":"https://www.verikal.de/en/?s={search_term_string}"},"query-input":{"@type":"PropertyValueSpecification","valueRequired":true,"valueName":"search_term_string"}}],"inLanguage":"en-GB"}]}</script>
<!-- / Yoast SEO plugin. -->

Elektroprüfungen Zur Komplettierung unseres Vor-Ort-Services bieten wir ihnen ergänzend verschiedene Elektro-Prüfleistungen: Prüfung ortsveränderlicher elektrischer Betriebsmittel gemäß DGUV V3 (BGV A3) nach DIN VDE 0701-0702 Prüfung ortsfester elektrischer Betriebsmittel gemäß DGUV [&hellip;]
